 base 5
3220100231
Convert 772130 (base 9) to base 14.
bdd2c
Convert 15751a (base 15) to base 12.
420337
-9ba3b8 (base 14) to base 8
-24136256
What is -26586 (base 16) in base 4?
-212112012
1323213031 (base 4) to base 15
a0047
Convert -447251 (base 10) to base 13.
-12875c
-1134788 (base 12) to base 2
-1100100110111001011000
Convert -1856227 (base 11) to base 13.
-85cb47
111240103 (base 6) to base 15
2a08c3
-5662100 (base 8) to base 10
-1532992
9aadc (base 14) to base 8
1335052
Convert -196870 (base 12) to base 5.
-103301220
Convert 65718a5 (base 11) to base 4.
230001101002
What is -653626 (base 7) in base 5?
-12123230
What is -5b4a7 (base 16) in base 10?
-373927
What is -1c8370 (base 13) in base 11?
-460126
4421243 (base 5) to base 4
102222200
Convert -59183a (base 11) to base 9.
-1681510
Convert 51b7e (base 15) to base 11.
167730
Convert -100121002101 (base 3) to base 14.
-4cb91
Convert -825205 (base 9) to base 10.
-489326
63301 (base 12) to base 10
130033
What is a990 (base 14) in base 9?
44208
Convert 22248 (base 13) to base 10.
61914
-4dc06 (base 16) to base 9
-534765
What is -12001010201212 (base 3) in base 13?
-72a88c
What is 1001222011022 (base 3) in base 4?
2023031102
-127586 (base 14) to base 16
-9b052
Convert 12321330130 (base 4) to base 11.
1027040
What is -29cb (base 16) in base 3?
-112200021
Convert -350d6c (base 14) to base 6.
-102431140
What is 14360361 (base 9) in base 4?
123023220220
Convert -220220203 (base 4) to base 16.
-28a23
What is 12477424 (base 8) in base 12?
b23870
-334705 (base 9) to base 14
-53006
425141 (base 10) to base 3
210121011222
Convert -be10e (base 15) to base 7.
-5064665
Convert -1c2c67 (base 15) to base 6.
-45300154
What is -1274b5 (base 12) in base 8?
-1120011
What is 1013233 (base 7) in base 5?
12334301
What is -1164133 (base 8) in base 2?
-1001110100001011011
Convert -32b87 (base 12) to base 3.
-10102101111
-13114102 (base 5) to base 9
-216301
340501 (base 9) to base 10
203797
-1251203531 (base 6) to base 2
-111000110101100111001111
What is -100011100001001000 (base 2) in base 3?
-21101120011
Convert -10100111100101101 (base 2) to base 10.
-85805
Convert 21114414 (base 5) to base 13.
622a6
What is 1162472 (base 10) in base 6?
40525452
What is -204151 (base 7) in base 6?
-430211
What is -2177710 (base 8) in base 12?
-245374
What is 110111011101101001101 (base 2) in base 16?
1bbb4d
Convert -14550231 (base 8) to base 16.
-32d099
What is 6abb2 (base 13) in base 12?
95064
Convert -2a251 (base 13) to base 16.
-13688
Convert -21757343 (base 8) to base 11.
-2727863
Convert -4bd169 (base 15) to base 9.
-6755160
-3113812 (base 9) to base 2
-110010101111100111011
Convert 1174573 (base 8) to base 2.
1001111100101111011
Convert -3d1ca8 (base 15) to base 6.
-143022335
Convert -310221313312 (base 4) to base 12.
-4757a1a
What is c78b60 (base 15) in base 16?
90e778
Convert -201402102 (base 5) to base 3.
-1112010122010
322044354 (base 6) to base 10
5698222
Convert 1554021 (base 6) to base 8.
265335
What is 1010320 (base 7) in base 5?
12321321
5230555 (base 6) to base 3
110211221222
-1111200122 (base 3) to base 13
-1066a
-4128075 (base 10) to base 6
-224251243
1096782 (base 10) to base 11
68a035
-777c4 (base 13) to base 16
-34e49
-d4876 (base 16) to base 10
-870518
2011111212211 (base 3) to base 11
717351
What is 1113312320 (base 4) in base 7?
3026111
609378 (base 12) to base 2
101110000011011001100
8259404 (base 11) to base 5
12213032022
d1994 (base 14) to base 3
221121102101
-52022554 (base 7) to base 3
-22012110010111
What is -111001000111110110111000 (base 2) in base 8?
-71076670
What is -310428 (base 11) in base 5?
-111421213
Convert 160b12 (base 13) to base 3.
1000122221220
What is 1001111110010000 (base 2) in base 9?
62026
Convert -4100651 (base 8) to base 10.
-1081769
What is -27776337 (base 9) in base 7?
-224605210
233415053 (base 6) to base 8
20534051
Convert 100010110000000100 (base 2) to base 4.
202300010
Convert 4150148 (base 10) to base 14.
7a0632
What is -22336355 (base 7) in base 5?
-444123003
What is -533064 (base 7) in base 15?
-1c543
Convert 21212200102220 (base 3) to base 13.
b37585
What is 3845563 (base 10) in base 5?
1441024223
Convert -2452425 (base 6) to base 16.
-201a1
What is -23410422 (base 7) in base 16?
-1f9572
What is -1426284 (base 12) in base 2?
-1111011000110000000100
Convert -111200102221210 (base 3) to base 4.
-123233110332
42416 (base 7) to base 11
7985
What is 24152 (base 10) in base 4?
11321120
4403000 (base 6) to base 8
652410
What is -53271 (base 10) in base 13?
-1b32a
-40414232 (base 6) to base 16
-11984c
-1035a01 (base 13) to base 14
-922c5a
What is -1555261 (base 9) in base 6?
-30301001
Convert 69873 (base 13) to base 4.
233001021
Convert 13201153 (base 8) to base 2.
1011010000001001101011
Convert -110110001111000010111 (base 2) to base 5.
-423332200
What is 1010001100100100000001 (base 2) in base 12?
a8a995
What is -184ffa (base 16) in base 13?
-43a306
What is -3188042 (base 10) in base 14?
-5cdb74
Convert -120022100 (base 3) to base 7.
-44352
1652755 (base 8) to base 2
1110101010111101101
What is 63a21 (base 11) in base 12?
45a40
Convert 1450014 (base 6) to base 16.
1491a
Convert 29b42a (base 12) to base 15.
dd871
Convert 2b580 (base 13) to base 2.
10100000100111110
-13233100 (base 4) to base 5
-2003241
3e211b (base 15) to base 13
80a932
13c68 (base 15) to base 2
1111100000111100
Convert -352271 (base 10) to base 11.
-220737
Convert 310203133 (base 4) to base 7.
1554406
What is -6b227 (base 12) in base 8?
-430577
-10ab223 (base 12) to base 9
-6035850
Convert 11100010010011011 (base 2) to base 8.
342233
Convert -c204 (base 16) to base 8.
-141004
What is 2020023123 (base 4) in base 16?
882db
Convert 101100110010001100100000 (base 2) to base 9.
24073143
What is 3040430 (base 5) in base 8?
140522
What is -324a2 (base 13) in base 12?
-44719
Convert 1031223000 (base 4) to base 2.
1001101101011000000
-89a57 (base 11) to base 3
-20121211212
1bd2ba (base 14) to base 9
1778104
Convert -23411124 (base 5) to base 13.
-77673
-307811 (base 12) to base 8
-2713715
What is -b29e4 (base 15) in base 11?
-357162
-134c72 (base 15) to base 11
-583984
101012011212100 (base 3) to base 9
11164770
11692 (base 11) to base 15
4e9e
What is 447440 (base 11) in base 15?
e1228
1747954 (base 10) to base 11
a9429a
-25524256 (base 8) to base 6
-321420542
201111200012121 (base 3) to base 6
1010105111
-110001000001000011 (base 2) to base 4
-301001003
Convert 51212041 (base 8) to base 13.
231a346
What is 31001134 (base 5) in base 2?
111101000100111001
What is -9b8329 (base 12) in base 2?
-1001011101111011010001
5205777 (base 8) to base 2
101010000101111111111
Convert 10504630 (base 7) to base 5.
213044030
Convert 2010302 (base 4) to base 5.
232443
What is -10111001011011101110001 (base 2) in base 6?
-334122521
69545a (base 16) to base 2
11010010101010001011010
1001011010111100111 (base 2) to base 15
6170b
Convert 241424420 (base 6) to base 12.
163b110
Convert -11434021 (base 5) to base 3.
-12112000120
What is -2212012101 (base 3) in base 8?
-155726
-1726674 (base 9) to base 16
-eb111
Convert 2432003 (base 5) to base 2.
1011001100110110
What is 211222010202 (base 3) in base 11?
289723
Convert 34605150 (base 7) to base 16.
2e721a
What is -80105 (base 10) in base 4?
-103203221
Convert -3aa713 (base 11) to base 2.
-10011101001010010110
Convert 46996 (base 11) to base 7.
401335
-350368 (base 9) to base 10
-210257
What is -1d2a74 (base 16) in base 13?
-51c019
350717 (base 8) to base 10
119247
-199781 (base 13) to base 12
-27398b
305344505 (base 6) to base 11
2aa1268
What is 504735 (base 8) in base 12?
80339
Convert 2131c3 (base 15) to base 9.
2867203
Convert a8876 (base 13) to base 15.
603e0
What is 76531 (base 11) in base 9?
178367
What is 255005 (base 8) in base 13?
3141c
Convert -858a5 (base 11) to base 9.
-210250
6041a1 (base 13) to base 10
2236846
-310001122021 (base 4) to base 14
-1b4dbbb
10021101122 (base 3) to base 4
33232313
Convert 2231400 (base 6) to base 13.
3c63c
101303131 (base 5) to base 9
703627
-2210022121 (base 3) to base 12
-27937
Convert -3426457 (base 8) to base 13.
-266b60
1743541 (base 11) to base 4
23103023031
What is 1010001010011100100 (base 2) in base 3?
121220211101
Convert 2002001021210